the highest common factor of 66 and 3058.
22
Calculate the greatest common divisor of 6592 and 206.
206
Calculate the greatest common divisor of 66 and 18.
6
What is the greatest common factor of 14540 and 40?
20
Calculate the greatest common divisor of 1598 and 1363.
47
Calculate the greatest common factor of 90 and 100.
10
Calculate the greatest common divisor of 1243 and 226.
113
What is the greatest common factor of 215 and 40?
5
What is the greatest common divisor of 5394 and 124?
62
What is the highest common factor of 395 and 948?
79
Calculate the greatest common divisor of 20 and 995.
5
Calculate the greatest common factor of 18 and 333.
9
Calculate the greatest common factor of 4633 and 82.
41
What is the greatest common divisor of 2384 and 16?
16
What is the greatest common factor of 9 and 477?
9
What is the greatest common factor of 18 and 5643?
9
What is the greatest common factor of 5909 and 19?
19
What is the highest common factor of 203 and 145?
29
Calculate the greatest common factor of 5 and 445.
5
What is the greatest common divisor of 315 and 27720?
315
What is the greatest common factor of 1273 and 335?
67
Calculate the highest common factor of 1629 and 9.
9
What is the greatest common factor of 464 and 29?
29
Calculate the highest common factor of 13 and 416.
13
What is the highest common factor of 56 and 518?
14
Calculate the highest common factor of 477 and 423.
9
What is the highest common factor of 1780 and 20?
20
Calculate the greatest common divisor of 14 and 3276.
14
Calculate the highest common factor of 146 and 4891.
73
Calculate the highest common divisor of 725 and 75.
25
Calculate the highest common factor of 425 and 25.
25
What is the greatest common divisor of 32 and 14?
2
Calculate the greatest common factor of 3168 and 1872.
144
What is the highest common factor of 2728 and 88?
88
What is the highest common factor of 820 and 3485?
205
Calculate the highest common factor of 2768 and 688.
16
Calculate the greatest common divisor of 1073 and 148.
37
What is the greatest common divisor of 24 and 824?
8
Calculate the greatest common factor of 372 and 6.
6
Calculate the highest common factor of 68 and 255.
17
Calculate the greatest common factor of 560 and 32.
16
What is the highest common divisor of 771 and 1?
1
Calculate the highest common factor of 950 and 532.
38
What is the greatest common factor of 210 and 56?
14
Calculate the greatest common divisor of 776 and 970.
194
Calculate the greatest common divisor of 1275 and 75.
75
Calculate the greatest common factor of 392 and 294.
98
What is the highest common divisor of 71 and 63?
1
Calculate the highest common divisor of 1854 and 18.
18
Calculate the greatest common divisor of 1055 and 5.
5
What is the highest common factor of 570 and 150?
30
What is the greatest common divisor of 718 and 3949?
359
Calculate the highest common divisor of 459 and 7191.
153
What is the highest common divisor of 567 and 54?
27
Calculate the greatest common divisor of 120 and 160.
40
Calculate the greatest common factor of 35574 and 28.
14
Calculate the greatest common divisor of 8 and 192.
8
What is the greatest common divisor of 22358 and 42?
14
Calculate the greatest common divisor of 261 and 9.
9
Calculate the highest common factor of 80 and 64.
16
What is the greatest common factor of 17 and 233?
1
Calculate the highest common factor of 242 and 33.
11
What is the highest common factor of 7 and 4613?
7
Calculate the highest common divisor of 160 and 680.
40
Calculate the greatest common factor of 640 and 1230.
10
Calculate the greatest common divisor of 8520 and 120.
120
Calculate the highest common factor of 555 and 1887.
111
Calculate the greatest common factor of 152 and 44.
4
Calculate the greatest common factor of 12796 and 28.
28
Calculate the highest common factor of 276 and 36.
12
What is the highest common divisor of 24 and 216?
24
Calculate the greatest common factor of 500 and 2390.
10
Calculate the highest common divisor of 1116 and 8308.
124
Calculate the highest common divisor of 12 and 348.
12
Calculate the highest common factor of 115 and 3335.
115
Calculate the greatest common divisor of 2900 and 1508.
116
Calculate the highest common factor of 348 and 36.
12
Calculate the highest common factor of 640 and 15.
5
Calculate the greatest common divisor of 166 and 6806.
166
What is the greatest common factor of 112 and 35?
7
Calculate the highest common divisor of 1 and 23.
1
What is the greatest common factor of 20 and 460?
20
What is the greatest common divisor of 2626 and 26?
26
Calculate the highest common divisor of 49 and 1.
1
Calculate the highest common divisor of 2368 and 74.
74
Calculate the greatest common factor of 100 and 3100.
100
What is the greatest common factor of 388 and 8?
4
What is the greatest common divisor of 93 and 341?
31
Calculate the greatest common factor of 8362 and 37.
37
Calculate the greatest common factor of 1147 and 37.
37
What is the greatest common factor of 416 and 26?
26
Calculate the highest common divisor of 380 and 665.
95
Calculate the greatest common factor of 527 and 187.
17
Calculate the highest common divisor of 68486 and 242.
242
What is the highest common divisor of 4256 and 32?
32
Calculate the highest common divisor of 28 and 28.
28
Calculate the highest common factor of 426 and 3550.
142
What is the greatest common divisor of 231 and 99?
33
Calculate the greatest common factor of 28 and 3892.
28
Calculate the greatest common factor of 144 and 3968.
16
Calculate the highest common factor of 165 and 30.
15
What is the greatest common divisor of 2744 and 168?
56
What is the highest common factor of 34 and 153?
17
Calculate the greatest common factor of 212 and 901.
53
Calculate the highest common factor of 8 and 1288.
8
What is the greatest common factor of 39 and 15431?
13
What is the greatest common factor of 1058 and 3634?
46
What is the greatest common factor of 14 and 16?
2
What is the highest common divisor of 24 and 35576?
8
Calculate the greatest common factor of 43508 and 298.
298
Calculate the highest common divisor of 896 and 56.
56
Calculate the highest common factor of 63 and 342.
9
What is the greatest common factor of 138 and 5934?
138
What is the highest common factor of 84 and 102?
6
What is the highest common divisor of 132 and 2028?
12
What is the greatest common divisor of 158 and 1975?
79
Calculate the greatest common divisor of 32 and 72.
8
Calculate the greatest common divisor of 66 and 5302.
22
Calculate the greatest common divisor of 84 and 21.
21
What is the highest common divisor of 2044 and 84?
28
What is the highest common divisor of 156 and 4472?
52
What is the highest common divisor of 9086 and 59?
59
What is the greatest common divisor of 732 and 4209?
183
Calculate the greatest common factor of 35397 and 38.
19
Calculate the greatest common factor of 986 and 34.
34
Calculate the greatest common factor of 126 and 154.
14
Calculate the greatest common divisor of 306 and 6.
6
What is the highest common divisor of 50 and 625?
25
Calculate the highest common divisor of 464 and 1972.
116
What is the highest common divisor of 45 and 20?
5
Calculate the greatest common divisor of 39 and 147.
3
What is the greatest common divisor of 21 and 84?
21
Calculate the greatest common factor of 45444 and 84.
84
What is the highest common factor of 378 and 28?
14
Calculate the greatest common divisor of 447 and 51.
3
What is the greatest common divisor of 2 and 235?
1
Calculate the highest common divisor of 2916 and 891.
81
Calculate the highest common factor of 54 and 9720.
54
Calculate the greatest common factor of 1 and 4.
1
What is the greatest common factor of 70 and 126?
14
Calculate the highest common factor of 30 and 21790.
10
Calculate the highest common factor of 1 and 241.
1
What is the highest common factor of 1515 and 15?
15
What is the highest common factor of 90 and 6795?
45
What is the greatest common factor of 60 and 10620?
60
What is the greatest common divisor of 7 and 112?
7
What is the highest common factor of 4768 and 149?
149
Calculate the greatest common divisor of 175 and 77.
7
What is the greatest common factor of 429 and 33?
33
Calculate the highest common divisor of 79